4)).
-10
What is -8 + 12 - (11 - 9)?
2
32 + -36 + (0 + 6 - -10) + 6
18
Calculate -1 + 9 + -21 + 14 - 7 - -1.
-5
Evaluate (-65 - -97) + (-1 + 3 - 2).
32
0 - (-5 + (4 - 6) - -9)
-2
Calculate 3 - (10 + -4 + -18 + (-1 - -4)).
12
What is -1 - (9 - ((-14 - -20) + -17))?
-21
What is 20 + (-5 - -8 - 6) + 11?
28
Calculate 3 - (-9 + (-5 + -2 - -15)).
4
Calculate 6 + 3 + -3 + (394 - 438).
-38
Calculate -21 + (59 - 48) + (0 - -28).
18
What is the value of -5 - (4 + (7 - 9 - 6 - -7))?
-8
What is -13 + 1 + 11 + 5 + 13?
17
What is (-6 - -15) + (2 + 0 - 3) - 6?
2
Evaluate (-9 - 1) + 8 - (10 + (2 - 2)).
-12
-9 - 4 - -6 - (10 + -6 + -3)
-8
Evaluate 0 + -3 + -18 - (16 + -17 + 3).
-23
What is the value of -1 + 6 + -10 + 4 + 0?
-1
What is the value of 4 + (-4 - (-9 + 5 + -16))?
20
Evaluate (-340 - -333) + -3 + -1.
-11
What is the value of (15 - 29) + -4 + 6 + -21?
-33
What is -20 + 20 + -3 + 10 + -1?
6
What is the value of 27 - (8 + 9 - -8)?
2
(-11 + -1 - -6) + 8 - 8
-6
-33 + (35 - -7) + -12
-3
What is the value of 1 + -25 - (181 - 197)?
-8
What is the value of 1 + -32 - (-5 + (17 - 3) + -21)?
-19
Calculate -6 + 3 - (5 - ((-7 - -8) + 7)).
0
What is the value of (14 + -28 - (-1 + -10)) + (-1 - 5)?
-9
Calculate (27 - -14) + (6 - 27) + -33.
-13
What is the value of (1 + -6 - 0) + 6 - (19 - 1)?
-17
What is -1 - (-17 + (-1 - -1) + 31 + -28)?
13
Calculate (-67 - -58) + (-5 + -16 - -4).
-26
What is (1 + -32 - -20) + 28?
17
Calculate 10 + 12 + 3 - 19.
6
Calculate 83 + -79 - (-1 + (0 - (6 + -4))).
7
Calculate 29 + (43 - 11 - 34).
27
What is the value of -1 - 0 - 6 - (3660 + -3696)?
29
What is 0 + (-6 - -13 - 10)?
-3
What is -1 - -2 - (18 + -47 + 37)?
-7
Evaluate -6 - -11 - (2 + 0 + 2 + -11).
12
Evaluate 1 + 1 - 2 - (39 + -3 + -29).
-7
What is the value of 12 - ((-2 - 5) + 21) - (2 + -3)?
-1
What is the value of (-12 - -8) + -11 + 20 + -10?
-5
What is -58 + 9 + 16 - -20?
-13
What is the value of -521 + 520 + -20 + 1?
-20
What is (-4 + 3 - -5) + (34 - 36)?
2
-9 + (-18 + 28 - (-6 - (3 - -1)))
11
(-16 - 3) + -30 + 39
-10
10 + -7 + -4 + -2 + (13 - -1)
11
Calculate (1 - -1) + 1 + 25 + -24.
4
Calculate (20 + -44 - -3) + (2 - -2).
-17
(23 + -14 - (3 - 8)) + -8
6
Calculate -1 + -5 + 1 + 7 + (5 - 4).
3
Evaluate -21 + 5 + -14 + 14.
-16
What is 6 + (-6 - 4) - (-8 - (4 - -4))?
12
What is the value of 22 - (-2 + 25 - 15)?
14
What is the value of -11 + -1 + -81 + 83?
-10
What is the value of 0 + -5 + -402 + 400?
-7
(1 - -2) + (12 - (10 + -2 + -2))
9
Evaluate -6 + -2 + (16 + -8 - 8).
-8
Calculate 15 + -37 + 7 + 8.
-7
Calculate 5 - 16 - (-17 - -1) - 1.
4
Calculate -36 - (0 + -5 + (-122 - -122)).
-31
Calculate 2 + -19 + 19 + -9 + 3 + -1.
-5
3 - (-8 - -16) - 2 - (-12 - -7)
-2
What is the value of -17 + 21 + (-4 - (3 + -7))?
4
Calculate 34 + (-29 - -30 - 24).
11
Calculate -4 + (26 - (-8 + 18)) + -1 - 11.
0
What is the value of -5 + (3 - 7) + (-10 - -24)?
5
Evaluate 0 - (7 - (4 + -6 + 18)).
9
What is the value of 18 + -23 + -19 + 7 + 0 + -5?
-22
What is the value of 2 - (-1 + 3 - -5 - 6)?
1
What is (5 - (0 - -6)) + (6 - (-1 + 1))?
5
What is -3 - ((6 - 7) + 6) - -12?
4
Calculate 8 - (-4 - ((7 - -3) + -7)).
15
Calculate (-4 + -3 - 0) + -61 + 64.
-4
What is 7 - (5 + -1 - 14)?
17
Evaluate -7 - 0 - ((-5 - 9) + 7 + 17).
-17
What is 8 - ((-15 - 0) + (-100 - -107))?
16
-38 + 5 - (137 + -180)
10
What is the value of -9 - (9 + (-1 - -1) - 32)?
14
Evaluate 27 + -6 + 10 + -9 + (-6 - -12).
28
What is (-19 - (-17 + -20)) + -22?
-4
Evaluate 9 + (-12 - 10) + 11 - (-6 - 0).
4
What is -208 + 173 - (-9 - -4)?
-30
What is (-2 - (-15 + 12)) + (0 - -2)?
3
Evaluate 11 - (20 + -7) - (-3 - -3).
-2
What is -10 - (9 - 21) - -4?
6
What is the value of (0 - -24) + 508 + -527?
5
Calculate 17 - (-18 - (-52 + 18)) - (2 - -28).
-29
What is -24 + -22 + 35 - -10?
-1
What is the value of (5 - -1) + 16 + (-6 - (3 - 10))?
23
Calculate -18 + -5 + 16 + (13 - 0).
6
-7 + (-8 + 8 - -14) - -1
8
Evaluate (-3 + -2 + -2 - -5) + -6 + 33.
25
(-9 - (-30 + -38)) + -29
30
Evaluate 4 + (10 - 27 - -8) - (-1 + -1).
-3
What is the value of 44 + (-42 - -11) - (1 + 13)?
-1
Evaluate 4 + 13 + (3 - (4 - -7)).
9
Calculate -2 + 4 + 11 + (-7 - -1) - 6.
1
What is the value of 287 - 296 - (-2 - (-3 - -2))?
-8
Calculate (-2 - 4 - (0 - -5 - 7)) + 16.
12
(2 - 11) + 14 - (-3 + 0 + 19)
-11
Calculate 1 + 4 - (9 + (-2 - 18)).
16
Calculate -6 + (5 - 5) + -36 + 40.
-2
What is the value of 0 + -2 + 8 - (-8 - -5)?
9
Evaluate (-24 - (-54 - -35)) + -2.
-7
Calculate -9 - 0 - (-7 - -6 - (-37 - -42)).
-3
What is the value of (13 - 5) + 9 - (2 - -4)?
11
74 + -77 + (-3 - (-1 - 1))
-4
What is the value of 33 + 8 + -25 + (-49 - 1)?
-34
(0 - 2) + 2 - (-7 + 5 + -5)
7
Calculate -10 + 2 + 12 + 10 + -16.
-2
Calculate (-8 - (2 - 6 - -5)) + 1 - -2.
-6
Calculate (-33 + 12 - -14) + 1 + (11 - -1).
6
What is the value of -22 - (39 + -77) - 48?
-32
Calculate -2 - -24 - 9 - 4.
9
Calculate 12 + (1 - 5) + -12 + 15 - -4.
15
3 - (28 - 54) - 4
25
What is -36 + 9 - (2 + -13)?
-16
What is 3 - 3 - (50 + -20 - 29)?
-1
Evaluate -3 + (0 - 3) - (16 + -25 - -22).
-19
What is the value of -17 - (6 - (-3 + 3 + 2))?
-21
-76 + 11 + (-89 - -129)
-25
What is the value of (-8 - 1) + (-8 - (-2 + 1 + -10))?
-6
4 - ((15 - 28) + -9)
26
9 - (8 + -13) - 3 - -4
15
Evaluate -8 + 0 + -3 - (18 - 21).
-8
What is (2 - 6) + (7 + -10 - (0 + -8))?
1
What is the value of -22 + 12 + (-1 - -8) + 6 + -6?
-3
What is the value of 0 - -6 - (-5 + (-4 - -4))?
11
What is the value of (-11 - (-13 - -5)) + 11 + (3 - 1)?
10
Calculate (-14 - (-3 - 4 - 12)) + (-8 - -1).
-2
What is the value of 7 + 0 - (-7 - (9 - (15 + -3)))?
11
Calculate 5 + -15 + 21 + 1.
12
What is the value of -24 + (-21 + 20 + 0 + 15 - 6)?
-16
Evaluate -3 + -1 + (2 - -6 - (2 - 3)).
5
What is the value of -2 + -12 + 18 + -12 + 16?
8
What is 30 + (3 - (5 + 18))?
10
Calculate (-7 - (6 + 0)) + 8.
-5
Calculate (-8 - (-14 - -2 - -7)) + 12 - -8.
17
What is the value of -1 + -4 + (83 - 72) + -3?
3
9 + 17 + -14 + 5
17
Evaluate (-2 - -5) + 3 - 0.
6
Calculate 13 + 2 - (330 - 335).
20
-8 - ((0 - -3) + (-3 - 6))
-2
Calculate 896 + -890 - (23 - -2).
-19
Calculate -8 + -5 + 12 + -2.
-3
-6 - -28 - (9 + -1 + 13 + -12)
13
-11 - (-18 - (13 + -4))
16
What is the value of -35 + 48 + (22 - 42)?
-7
(1 + 14 + 0 - 7) + -13
-5
Evaluate 19 + (-15 - 37) - -22.
-11
What is 5 + 21 + (0 + 2 - 3) + -4?
21
Evaluate 0 + 0 + (-12 - -13) + 0 + -1.
0
What is -5 + (4 - (9 - 4)) + 7?
1
Calculate -2 + 12 - (2 + 15).
-7
Evaluate 9 + (-11 - 1 - (-37 - -17)).
17
What is (-3 - 21 - -40) + (4 - 21)?
-1
201 - 193 - (0 - 1)
9
What is (-114 + 125 - (20 + 0)) + 2?
-7
Calculate -8 + (9 - 12) + 29 + -33.
-15
What is the value of -8 + 6 + (11 + 8 - 12)?
5
Calculate (-32 + -12 + 0 - -14) + 11.
-19
-16 + 0 + (23 + -34 - -7)
-20
Calculate 3 + -1 + (-3 - -11) + -12.
-2
1 + -2 + 9 + -13 + (-12 - -3)
-14
What is (0 - (-11 + 2)) + (-18 - -26) + 1?
18
Evaluate 6 + -29 + 16 - -14.
7
-1 - (2 - (-6 - (-17 - (-2 - 4))))
2
-18 + (26 + 18 + -15 - 9)
2
What is the value of 13 - (1 - 5 - (-27 + 15))?
5
49 - 33 - (28 + -5 - -5)
-12
-13 - ((-1 - -16 - 9) + -4)
-15
Calculate -61 - -68 - (-4 + 1).
10
Calculate -42 + -29 + 64 - (-22 + -1).
16
Evaluate 13 - ((-1 - 4) + 4) - (-19 - -27).
6
What is 3 + 0 + 2 + (-25 - (16 - 26))?
-10
(22 - 1) + 0 + (10 - 4) - 4
23
What is 48 + -17 - 24 - 17?
-10
1 - ((6 - -10) + 3)
-18
What is the value of (-13 - -24) + -20 - 1?
-10
(1 - 4) + -37 + (42 - 12)
-10
What is -2 + (-18 - (-3 + -11))?
-6
What is the value of (-4 - 2) + 4 + 7 + -16?
-11
What is the value of 43 + -55 - (-3 + (-32 - -2))?
21
Calculate 18 - (-35 - -71) - (2 + 15).
-35
Calculate 7 + (5 - -5 - (0 + 5) - 11).
1
What is the value of -4 - (-16 - (-4 + -3)) - -6?
11
What is the value of (6 + -1 - 16) + 15?
4
-7 + (11 - (-11 + 28))
-13
Evaluate -47 + -13 + 20 - -25.
-15
-58 + (29 - (10 + 14 - 12))
-41
21 - (-6 - -2 - (-7 - (-1 + -6)))
25
What is the value of 14 - (3 - (-13 - -23))?
21
(-49 - -47) + -3 + 3 + -12
-14
What is 0 + -3 + (-3 - -12) + (1 - 15)?
-8
What is -18 - ((-19 + 1 - -7) + 7)?
-14
Evaluate 4 - -7 - (-10 - -18).
3
Calculate -370 - -397 - (2 + -6).
31
What is the value of (-12 - -17) + -3 - 17?
-15
Calculate (-22 - -5) + 12 - -1 - -18.
14
What is the value of (-5 - 4) + (-8 - -9) + 0?
-8
Calculate (8 - (-12 + 7 - -15)) + 5 + -1